((-88)/24)). What is the highest common factor of h and 473?
11
Let z(b) = 2*b**2 + 3*b - 23. Let i be z(-10). Calculate the greatest common factor of i and 42.
21
Suppose 44*p - 8 = 43*p. What is the highest common divisor of 18 and p?
2
Suppose 111 = -2*l + h, -3*h = 2*l + 22 + 69. Let q = -21 - l. Calculate the greatest common factor of q and 32.
32
Suppose -4*f = -f - m - 1270, -4*f = -5*m - 1675. Calculate the highest common divisor of 170 and f.
85
Let g(d) be the third derivative of -d**4/24 + 7*d**2. Let h be g(-2). Let c be (-45*2)/(-3 + h). Calculate the highest common divisor of 10 and c.
10
Let l(d) = 2*d - 4*d + 7 + 4*d. Let f be l(6). Suppose 3*z - 2*z - 171 = 0. What is the greatest common divisor of f and z?
19
Let j = 3 + -2. Let h = j - -2. Suppose 0 = 7*z - 89 + 26. Calculate the greatest common divisor of h and z.
3
Let x(v) = -193*v**3 - 3*v**2 - 7*v - 5. Let y be x(-1). Let i(h) = h**2 - 4*h - 6. Let o be i(6). Calculate the greatest common factor of y and o.
6
Let p(z) = 18*z**2 - 18*z - 29. Let l be p(-5). What is the greatest common divisor of l and 292?
73
Let n(m) = -23*m - 187. Let k be n(-13). What is the greatest common factor of 392 and k?
56
Let a(h) = h**3 + 12*h - 14. Let m be a(8). Calculate the highest common factor of m and 66.
66
Let u(w) = w**3 + 6*w**2 + 6*w - 1. Let b be u(-5). Let k = b + 18. Calculate the greatest common divisor of 12 and k.
12
Let w(q) = -4 - 15 + 11*q - 2*q**2 + q**2. Let o be w(8). Suppose -o*h + 3*h + 30 = 2*j, -3*j + 23 = h. What is the highest common factor of h and 11?
11
Suppose 37 = -5*n - k + 183, -3*n - 5*k + 70 = 0. What is the highest common divisor of 50 and n?
10
Let z be 1063 + -2 + 3 + 4. What is the greatest common divisor of z and 6?
6
Suppose 7*n - 6*n = 27. Let j = -16 + n. Let f be 12/(-2)*11/(-2). Calculate the highest common factor of f and j.
11
Let m be (-27)/45 + 14/(-10). Let a(n) = 11*n. Let g be a(m). Let b be 675/99 - 4/g. What is the highest common divisor of 7 and b?
7
Suppose 2*v = -v + 6. Let y(g) = -2*g**2 + g**v + 2*g - 7*g - 3 + 3*g**2. Let c be y(7). What is the highest common factor of 20 and c?
20
Let x = 24 + -24. Suppose 0 = 2*y - x*y - 72. Calculate the highest common factor of y and 18.
18
Let y(x) = -2*x + 8. Let b be y(0). Let v = b - 3. Suppose v*h = h + 16. What is the greatest common factor of 8 and h?
4
Let b be 25/(-20) - -1 - 612/(-16). Calculate the greatest common divisor of 1539 and b.
19
Let y(k) = -7 - 2*k + k + 3. Suppose -o = 2*o + 15. Let q be y(o). Calculate the highest common factor of q and 2.
1
Suppose 7*q + 2*q = 27. Suppose -128 = -f - q*f. What is the greatest common factor of 48 and f?
16
Let i(g) = -12*g + 44. Let y be i(-2). Calculate the greatest common divisor of y and 4.
4
Let j = -12 + 9. Let z be (j - -1) + (-4 - -6). Suppose 201 = 5*y + 3*b, z = 2*y - 5*b - 91 + 23. What is the greatest common factor of y and 13?
13
Suppose 5*v + 2*v - 28 = 0. Suppose -h + 87 = 4*t - v*h, -4*t - 5*h = -111. Calculate the greatest common divisor of 8 and t.
8
Let r = 13 - 10. Suppose 11 = 4*q + r. Calculate the greatest common divisor of q and 6.
2
Let q(k) = k**3 + 13*k**2 - k - 3. Let y be q(-13). Let m = -137 + 187. Calculate the greatest common divisor of m and y.
10
Let p(n) = 10*n - 242. Let x be p(25). What is the greatest common divisor of 86 and x?
2
Suppose -2*m - 2492 = -2552. Calculate the highest common factor of 1400 and m.
10
Let u be 14/(-63) - 58/(-18). Suppose -u*g - 2*x + 29 = -10, 5*x + 45 = 2*g. Let v be 75/(-6)*((-29)/5 + 1). What is the greatest common divisor of g and v?
15
Suppose -m = 2*m - 9. Suppose 2*i = -5*k - 290, 0 = -2*k - m*i + 2*i - 115. Let d be 24/k + (-174)/(-10). What is the highest common factor of 136 and d?
17
Let z(u) = u**2 - 3*u + 112. Let y be z(0). Calculate the highest common factor of y and 20.
4
Let k = 288 - 276. Let m(x) = 5*x + 3. Let y be m(3). Suppose -2*n = -5*n + y. What is the greatest common factor of k and n?
6
Let f be 119/3 + (-4)/6. Let y be ((-12)/(-14)*(4 - -3))/1. Let c be (y/18)/((-3)/(-117)). What is the highest common factor of f and c?
13
Suppose t - 4 = -t. Suppose 0 = -t*n + 38 + 18. Suppose 3*i + i = 168. Calculate the greatest common factor of n and i.
14
Suppose -u = -2*f - 50, 215 = -2*u + 6*u - 3*f. What is the greatest common divisor of u and 21?
7
Let x(m) = -8*m - 2. Let t be ((-1)/(-2) - -1)/(6/(-8)). Let n be x(t). What is the greatest common factor of 35 and n?
7
Let y(t) = -11*t + 15. Let h be y(-5). Suppose -4*q - 3*j + 280 = -2*j, 0 = q + j - h. Calculate the highest common divisor of q and 10.
10
Let v = -30 + 52. Let d be (-14)/(-4)*(-16)/(-28). Let o = 9 + d. Calculate the greatest common divisor of v and o.
11
Let k be 258/33 - 2/(-11). Suppose 3*m = 4 + k. Suppose -2*n - m = -34. What is the highest common factor of 165 and n?
15
Suppose 0 = -d + 165 - 2. Let m = d + 21. Let w(s) = -s + 23. Let n be w(0). What is the highest common divisor of m and n?
23
Let b(g) = -g**3 - 9*g**2 + 5*g - 11. Let v = -14 - -3. Let w be b(v). Let i(l) = -4*l - 6. Let u be i(-7). What is the greatest common factor of u and w?
22
Let a(r) = r**3 - 21*r**2 - 326*r + 5. Let o be a(32). What is the highest common divisor of o and 31?
31
Suppose -3*z + 4*z = -3*j + 56, -2*z - 7 = -j. What is the highest common factor of 561 and j?
17
Let a = 353 + -288. What is the highest common divisor of a and 25?
5
Let q(w) = -3*w - 64. Let u be q(-28). Suppose -4*g = 20, 2*t + t - 95 = g. Calculate the highest common factor of u and t.
10
Suppose 52*j - 70*j + 1620 = 0. What is the highest common factor of j and 198?
18
Let c = 111 + -43. What is the highest common factor of c and 102?
34
Suppose 4*q = 5*z - 3514 - 302, -4*z + 5*q + 3060 = 0. What is the greatest common factor of z and 285?
95
Let f(x) = x + 11. Let s be f(-13). Let z be s/4 - 4/(-8)*451. What is the greatest common divisor of z and 25?
25
Let m be 2/4 - (-21)/28*42. Suppose s = -0*s + 4. Calculate the greatest common divisor of m and s.
4
Let z be 6 - 5/(25/15). Suppose -z*k + 4 = -17. What is the greatest common factor of k and 63?
7
Let n(w) = -w**3 + w**2 + 3*w + 9. Let r be n(4). Let c = r - -93. Let z = 21 - 15. What is the highest common factor of c and z?
6
Suppose -12*q = -17*q + 35. Let y = 85 + -78. What is the greatest common factor of y and q?
7
Let p(g) = -2 + 4 + 2*g**3 + 15*g - 10*g + 7*g**2 - g**3. Let s be p(-6). What is the highest common factor of s and 4?
4
Suppose 182 = 2*h + 5*x, -2*h = x - 3*x - 182. Let v = -17 + h. Let o = v - -16. Calculate the highest common divisor of 10 and o.
10
Let j be (-13 + -2)/(-3) - (9 - 14). Suppose -n - 4*n + 20 = 0. What is the highest common divisor of n and j?
2
Let b(x) = -x + 1. Let a be b(1). Suppose -o + 79 + 1 = a. Suppose -4*c - 23 = -103. Calculate the greatest common divisor of c and o.
20
Let w = 4 + 47. Calculate the highest common divisor of w and 459.
51
Let d = 238 - 168. Calculate the greatest common divisor of 770 and d.
70
Let p(m) = 3*m - 15. Let n be p(6). Suppose 992 = n*q + 182. What is the greatest common factor of 30 and q?
30
Suppose 0 = -5*b + 248 + 37. Suppose 0 = -4*s + 4*k + 68, b = 4*s + 5*k - 11. What is the greatest common factor of s and 153?
17
Let z = -982 - -987. What is the highest common divisor of 15 and z?
5
Suppose -2*k = 1 + 1. Let g be k*-3*(4 + -1). Let l = 57 - -42. Calculate the highest common factor of g and l.
9
Suppose -28*u = -33*u - 3*c + 8850, 0 = -5*u - 2*c + 8850. What is the highest common divisor of 30 and u?
30
Suppose -4*m + 3*k - 14 = 64, 0 = 5*k - 10. Let c be ((-9)/12)/(1/(-4)). Let l be (m/5)/(c/(-15)). Calculate the highest common factor of 6 and l.
6
Let t = 12 + 18. Let k be (2/4)/(17/1020). Suppose 4*s - k = -s. What is the highest common factor of s and t?
6
Suppose 0 = -a - 4*w + 5, -82 = -5*a - 5*w - 27. What is the greatest common divisor of 117 and a?
13
Suppose -5892 - 3532 = -19*x. What is the highest common divisor of x and 16?
16
Suppose -2*y + 5*m = 1205, 4*y + m - 1814 = 7*y. Let u = -67 - y. Suppose -u - 122 = -5*x. What is the highest common divisor of x and 12?
12
Suppose 9*g - 38 - 61 = 0. What is the highest common divisor of 143 and g?
11
Suppose 49 = 3*s + w, 62*w